et f = 486235 - 338868. Is f a prime number?
False
Is 39967 - (-15)/6*(8 - (-192)/(-30)) prime?
True
Let j(t) = -487*t**3 - 5*t**2 - 29*t + 38. Let g(w) = -244*w**3 - 2*w**2 - 14*w + 19. Let i(m) = -5*g(m) + 2*j(m). Is i(2) a prime number?
True
Let z(g) = 417*g**2 - 45*g + 413. Is z(-37) a prime number?
False
Suppose -5*c = -11 + 1. Suppose 7*x - 907 = -935. Is c/x + 5715/10 a composite number?
False
Let o be -4 + (2 - 0) + (56 - 0). Is o/405 + 93163/15 a prime number?
True
Suppose -14*h - 7 = -7. Let m be h/(-4 + 0) - -582. Let c = m + -173. Is c composite?
False
Let h(g) = -37*g**2 - 25*g + 8. Let p be h(-6). Let s = 1159 - p. Is s prime?
True
Let r(c) = 8*c**3 - 40*c**2 + 39*c - 21. Is r(16) prime?
True
Is (-8)/2 + (7400 - 3) prime?
True
Let m be (5/3)/((-105)/(-18) + -5). Suppose 2*g = -m*a + 104, -52 = -a - g - 4*g. Suppose -a*n = -49*n - 969. Is n a prime number?
False
Let i = 17 + -15. Suppose -2*q + 3*q = i*f + 1819, 3*f = -3*q + 5448. Suppose -5*l + 1798 + q = 0. Is l prime?
False
Suppose -21*j = -2*j - 57133. Let g = 4944 - j. Is g a composite number?
True
Is ((-36)/(-180)*626950)/(0 - -2) prime?
False
Suppose 4*x - 2905 = o, 2*x - 1475 = 15*o - 10*o. Let v = x - 306. Is v prime?
True
Suppose -441223 - 360971 = -13*k - 136685. Is k composite?
False
Suppose a = 2*w - 14896, -5*w = 2*a - 40949 + 3727. Let z = 17213 - w. Is z a composite number?
False
Let b be (-1)/(-27)*2679 + (-2)/9. Is (-125361)/(-33) - (-18)/b prime?
False
Suppose 2*g - 22519 = -3*k, 4*k - 6709 = 5*g + 23324. Is k prime?
True
Suppose -5*i + 25 = 0, 4*t = 4*i + 17 - 61. Let j be -116 - (-3 + -1 - t). Let s = -41 - j. Is s a composite number?
True
Let z = 42 + -12. Let q be 0*((-12)/z)/2. Suppose -1779 = -x - 2*i, x - 5*x - 2*i + 7122 = q. Is x composite?
True
Is 31635 - -8*2/(-2) composite?
False
Let s(q) = q**2 - 6*q + 3. Suppose 0 = 6*g - 2*g - 24. Let z be s(g). Suppose v = z*y - 4408, 4*v = -3*y + 3*v + 4418. Is y prime?
True
Let f(a) = -4428*a - 89. Is f(-22) composite?
False
Let f = 6795 - 5897. Is f composite?
True
Let q be 21 + 4*(3 + -5). Suppose 0 = q*v - 24*v + 85393. Is v a prime number?
False
Let a(l) = 2*l + 54. Suppose -m - 3 = 23. Let d be a(m). Is d/3 - (-1 - (-7968)/(-9)) prime?
True
Let s be (-14)/(-2)*(-2802)/(-2). Let f = -6579 + s. Suppose 0 = -t + 5*j + f, 2*t - 4*j = 3*t - 3183. Is t composite?
False
Is (((-62)/(-558) - 2/18) + -1)*-31853 prime?
False
Let y(g) = -991*g**2 - g - 1. Suppose -9 - 1 = -2*c + 3*i, c - 11 = 3*i. Let a be y(c). Is 6/9 - a/3 a composite number?
False
Let i = 3280 - 4642. Suppose 5*v + 14957 = 2862. Let x = i - v. Is x prime?
False
Suppose -2949 = -5*v - 3*q, 0 = -2*q + 19 - 13. Suppose o - v = 8759. Is o composite?
True
Suppose 11*s = -35*s - 5*s + 2623899. Is s a prime number?
True
Suppose 24*a - 45*a = -314202. Suppose 5*r - 2*v - a = 10869, -20676 = -4*r - 4*v. Is r prime?
True
Suppose 463*s = 476*s - 3835. Suppose 166177 = 306*c - s*c. Is c prime?
True
Let q = 106 + -106. Suppose -6*y - 14*y + 115860 = q. Is y a prime number?
False
Let q(b) = b**3 - 7*b**2 + 8*b + 11. Let m = -80 + 95. Is q(m) composite?
False
Let s = 855 + -2041. Let m = s + 3929. Is m prime?
False
Suppose -15 = -3*r - 2*r. Suppose -2*f - 9 = -7. Is (r + -1)/(f - 450/(-446)) a prime number?
True
Let j = 85 + -80. Suppose k + 4*k - 33 = -4*b, 2*b + 21 = j*k. Suppose k*s + 2*t - 1239 = 0, -762 = -3*s + t + 4*t. Is s a composite number?
True
Let z(o) be the second derivative of o**5/20 - o**4/3 - o**3 + 13*o**2/2 + o. Let y = -148 + 156. Is z(y) composite?
True
Let l be 1260/54*((-24)/(-10))/2. Let h(q) = -q**3 + 28*q**2 + 14*q - 15. Is h(l) a composite number?
True
Let l(b) = 2*b**2 + 36*b + 40. Let t be l(-18). Suppose 0 = t*j - 34*j - 44358. Is j composite?
False
Let v be (6/(-12))/((-2)/(-836)). Is 15/60 + 30/8 - v a prime number?
False
Suppose 3*a - 4*r = 3820, 13*a - 9*a = -3*r + 5060. Let o = 246 + a. Is o prime?
False
Let f = -7923 - -19388. Let h(d) = d**2 - 5272. Let y be h(0). Let l = y + f. Is l composite?
True
Is ((-13)/(39/4284084))/(-4) composite?
True
Suppose -6*z = -50 + 14. Suppose -z*c + 23763 = -2505. Let r = c - 2981. Is r a composite number?
True
Let p be ((-4)/16 - -3) + 105/84. Let v(o) be the third derivative of 5*o**4/6 + 3*o**3/2 - o**2. Is v(p) prime?
True
Suppose 0 = 2*h - 5*z + 20, -h - 35 = -z - 31. Suppose h = -21*s - 22*s + 186061. Is s prime?
True
Let q be 94/(-18) + (-6)/(-27). Let o(v) = v**2 + 4*v - 2. Let k be o(q). Suppose 7*y + 11665 = 5*h + 9*y, -6999 = -k*h - 4*y. Is h a prime number?
True
Let d = -3 + 6. Suppose -d*c = -2*c + 4. Is (3 - -1)/c*(2 - 333) a prime number?
True
Suppose -68 = -3*i - 11. Suppose -i*w = -15*w + 12. Is 649 + w/(-6)*(-2 + 2) a prime number?
False
Let d(o) = -19 - 3*o**3 - o**3 - 5*o**2 - 698*o + 695*o. Is d(-5) a composite number?
True
Suppose -9*n + 68 = 239. Let f(k) = k**2 + 7*k - 15. Is f(n) composite?
True
Let r(u) = 159 - 60*u + 698*u + 572*u. Is r(5) a composite number?
True
Let k be 119 + -116 - (1/(-1) + -1). Suppose -17519 - 16496 = -k*d. Is d a prime number?
True
Let n be (5 + 4)*1*-1009. Is ((-2)/(-1))/(((-6)/n)/1) a composite number?
True
Let w(k) = 261*k - 2. Let f(v) = -v**3 + v**2 + 2*v + 95 - 100 - 4*v**2. Let c be f(-4). Is w(c) a prime number?
False
Let b = -352900 - -570305. Is b prime?
False
Let h be (-4)/(32/623388)*6/(-9). Let r = h - 18228. Is r composite?
False
Suppose -u - 4 = -0, 5*u + 151575 = 5*n. Suppose -8*k = -25*k + n. Is k a prime number?
True
Suppose 48*i = 335553 + 2345103. Is i composite?
True
Is 501240 - (-5 - (6 + 6)) a prime number?
True
Suppose -4*m + 3*m = -3*z - 13, -3 = m + z. Let v be (13457 - 4) + (2 + -5)*m. Is 2/4 - v/(-20) prime?
True
Suppose y + 2*k - 4171 = 4707, k = 4*y - 35494. Let v = -6125 + y. Is v prime?
True
Suppose s + 58*s - 15231263 = 0. Is s composite?
False
Suppose -484*x = -80141157 - 63122754 - 94186973. Is x prime?
False
Suppose -339 = -4*i + i + 2*q, -354 = -3*i - 3*q. Let x = -52 + i. Is 12714/(-9)*(x/(-6))/7 a prime number?
False
Suppose -5*c = -4*d, -c = 2*d - 6*c + 10. Suppose -471 = -5*y - 461. Suppose -y*v + 2893 = d*g + 548, g + 4*v = 487. Is g composite?
False
Let p(l) = -l**2 + 3*l - 1. Let c be p(1). Let w be c - 108/(8/(-2)). Suppose -29*k = -w*k - 707. Is k a composite number?
True
Let n = 5522 + -3764. Suppose -3*z + z = -n. Is z a composite number?
True
Let k = 73054 + 43963. Is k a prime number?
True
Let b be 10/5*9/6. Let g(q) = 1476*q - 5. Let r be g(b). Suppose 1145 = -2*w + r. Is w a prime number?
False
Let i be (13/(-26))/(2/(-8)). Suppose -3*k - w = -501 - 243, i*w = -5*k + 1241. Let s = -128 + k. Is s a prime number?
False
Let n(q) = 132*q + 7. Let a = 21 + -18. Suppose -2*z - 3 = -a*z. Is n(z) a prime number?
False
Let c = -92 - -111. Is 4/38 - (-6591)/c composite?
False
Let z(q) = -q**3 + 23*q**2 - 23*q - 79. Let i be z(27). Let h = 10905 + i. Is h composite?
True
Let k be -2*((-2)/5 + (-77972)/20). Let g = -2745 + k. Is g a composite number?
True
Suppose -2*w + 877323 = 5*n, -301*n - 175455 = -302*n + 2*w. Is n prime?
True
Let m = 13 - -52. Suppose 61*o - m*o = -24. Is (160 - 0) + (o - 3) prime?
True
Let o(x) = 46 + 2*x**3 - 46 - x**3. Let h be o(2). Is (-1521)/(-12) + 2/h composite?
False
Let v = -834 - -1772. Let z = -20 + 24. Suppose -6*o + v = -z*o. Is o prime?
False
Suppose -7*a = -12*a - 55. Let k be (1 - -3)/(a - -13). Suppose -2*y - 638 = -2*g, y - k*y = -5*g + 1587. Is g a composite number?
False
Let d(g) = -g**3 - 13*g**2 + 16*g + 26. Let j be d(-14). Let h be 28608/30 + j/(-5). Suppose -7*t + t = -h. Is t composite?
True
Suppose -29*k + 84606 = -853921. Is k a composite number?
False
Let t = 16509 - -105560. Is t a composite number?
False
Suppose -31*k - 84*k = -3671605. Is k a composite number?
True
Suppose -3*v = 4*l - 223040, -3*v = -l - v + 55771. Is l a prime number?
True
Suppose -9*x = -50 + 14. Let g be -1*(54316/(-12) - x/6). Let w = g - 2834. Is w composite?
False
Let k be (6 - -60)*-2*3/(-18). Suppose 16*t - k*t = -24. Suppose 956 - 3568 = -t*i. Is i composite?
False
Let g be (2/(-5))/((-4)/3380). Suppose l - g = -49. Suppose -1529 = -5*v + 2*k, -v + 3 = -5*k - l. Is v prime?
True
Is (-1)/((-2)/(-712))*((-5131)/28 - -6) a composite number?
True
Let a = -39552 - -64881